{"id":465,"date":"2016-01-25T20:12:35","date_gmt":"2016-01-25T19:12:35","guid":{"rendered":"http:\/\/www.diebuntenfinger.at\/home\/?page_id=465"},"modified":"2016-01-25T20:25:26","modified_gmt":"2016-01-25T19:25:26","slug":"tagesablauf","status":"publish","type":"page","link":"http:\/\/www.diebuntenfinger.at\/home\/tagesablauf\/","title":{"rendered":"Tagesablauf"},"content":{"rendered":"<table>\n<tbody>\n<tr>\n<td width=\"154\"><strong><em>Tageszeit<\/em><\/strong><\/td>\n<td width=\"454\"><strong><em>Aktivit\u00e4t<\/em><\/strong><\/td>\n<\/tr>\n<tr>\n<td width=\"154\">07:30 bis 08:15 Uhr<\/td>\n<td style=\"text-align: justify;\" width=\"454\">Unser gemeinsamer Tag beginnt. Alle Kinder, die bereits anwesend sind, werden im Gruppenraum betreut.<\/td>\n<\/tr>\n<tr>\n<td width=\"154\">08:15 bis 08:30 Uhr<\/td>\n<td style=\"text-align: justify;\" width=\"454\">Gemeinsam bereiten wir das Fr\u00fchst\u00fcck in der K\u00fcche vor.<\/td>\n<\/tr>\n<tr>\n<td width=\"154\">08:30 bis 09:15 Uhr<\/td>\n<td width=\"454\">Unser buffetartiges Fr\u00fchst\u00fcck beginnt.<\/td>\n<\/tr>\n<tr>\n<td width=\"154\">09:30 bis 10:00 Uhr<\/td>\n<td style=\"text-align: justify;\" width=\"454\">Unser Morgenkreis beginnt. Wir begr\u00fc\u00dfen uns, singen und tanzen und lernen von altersgerechten kleinen Angeboten, die perspektivische Konzentration, Grob- und Feinmotorik, Sprache, etc. f\u00f6rdern.<\/td>\n<\/tr>\n<tr>\n<td width=\"154\">10:00 bis 11:00 Uhr<\/td>\n<td style=\"text-align: justify;\" width=\"454\">Spielplatz\/Gartenausflug \/ Diverse Aktivit\u00e4ten passend zum aktuellen Thema \/ Freispiel<\/td>\n<\/tr>\n<tr>\n<td width=\"154\">11:00 bis 11:15 Uhr<\/td>\n<td width=\"454\">Vorbereitungen f\u00fcr das Mittagessen<\/td>\n<\/tr>\n<tr>\n<td width=\"154\"><\/td>\n<td width=\"454\"><span style=\"color: #99cc00;\"><strong><em>K\u00f6rperpflege \/ H\u00e4ndewaschen<\/em><\/strong><\/span><\/td>\n<\/tr>\n<tr>\n<td width=\"154\">11:15 bis 12:30 Uhr<\/td>\n<td width=\"454\">Gemeinsames Mittagessen<\/td>\n<\/tr>\n<tr>\n<td width=\"154\"><\/td>\n<td width=\"454\"><span style=\"color: #99cc00;\"><strong><em>K\u00f6rperpflege und Vorbereitung auf den Mittagsschlaf<\/em><\/strong><\/span><\/td>\n<\/tr>\n<tr>\n<td width=\"154\">12:30 \u2013 14:00 Uhr<\/td>\n<td width=\"454\">Mittagsschlaf f\u00fcr alle Krippenkinder in ruhiger Atmosph\u00e4re<\/td>\n<\/tr>\n<tr>\n<td width=\"154\">14:00 Uhr<\/td>\n<td width=\"454\">Aufstehen, K\u00f6rperpflege, Ankleiden<\/td>\n<\/tr>\n<tr>\n<td width=\"154\"><\/td>\n<td width=\"454\"><span style=\"color: #99cc00;\"><strong><em>Anschlie\u00dfend eine kleine Jause zur St\u00e4rkung<\/em><\/strong><\/span><\/td>\n<\/tr>\n<tr>\n<td width=\"154\">14:15 bis 15:00 Uhr<\/td>\n<td width=\"454\">Jausenzeit<\/td>\n<\/tr>\n<tr>\n<td width=\"154\">15:00 bis 16:50 Uhr<\/td>\n<td width=\"454\">Spazieren gehen \/ Spielplatz\/Gartenausflug \/ KiGru Arbeiten<\/td>\n<\/tr>\n<tr>\n<td colspan=\"2\" width=\"607\">\n<h5 style=\"text-align: center;\"><\/h5>\n<h5 style=\"text-align: center;\">Um 17:00 Uhr \u00a0endet der Kindergruppentag!<\/h5>\n<p style=\"text-align: center;\">(Freitags schlie\u00dfen wir bereits um 16:00 Uhr)<\/p>\n<p style=\"text-align: center;\"><strong><em>(an Freitagen und vor Feiertagen verk\u00fcrzt sich aufgrund der k\u00fcrzeren \u00d6ffnungszeiten der Nachmittag ein wenig)<\/em><\/strong><\/p>\n<\/td>\n<\/tr>\n<\/tbody>\n<\/table>\n","protected":false},"excerpt":{"rendered":"<p>Tageszeit Aktivit\u00e4t 07:30 bis 08:15 Uhr Unser gemeinsamer Tag beginnt. Alle Kinder, die bereits anwesend sind, werden im Gruppenraum betreut. 08:15 bis 08:30 Uhr Gemeinsam bereiten wir das Fr\u00fchst\u00fcck in der K\u00fcche vor. 08:30 bis 09:15 Uhr Unser buffetartiges Fr\u00fchst\u00fcck&hellip; <\/p>\n","protected":false},"author":1,"featured_media":0,"parent":0,"menu_order":0,"comment_status":"closed","ping_status":"closed","template":"","meta":{"footnotes":""},"class_list":["post-465","page","type-page","status-publish","hentry"],"_links":{"self":[{"href":"http:\/\/www.diebuntenfinger.at\/home\/wp-json\/wp\/v2\/pages\/465","targetHints":{"allow":["GET"]}}],"collection":[{"href":"http:\/\/www.diebuntenfinger.at\/home\/wp-json\/wp\/v2\/pages"}],"about":[{"href":"http:\/\/www.diebuntenfinger.at\/home\/wp-json\/wp\/v2\/types\/page"}],"author":[{"embeddable":true,"href":"http:\/\/www.diebuntenfinger.at\/home\/wp-json\/wp\/v2\/users\/1"}],"replies":[{"embeddable":true,"href":"http:\/\/www.diebuntenfinger.at\/home\/wp-json\/wp\/v2\/comments?post=465"}],"version-history":[{"count":9,"href":"http:\/\/www.diebuntenfinger.at\/home\/wp-json\/wp\/v2\/pages\/465\/revisions"}],"predecessor-version":[{"id":476,"href":"http:\/\/www.diebuntenfinger.at\/home\/wp-json\/wp\/v2\/pages\/465\/revisions\/476"}],"wp:attachment":[{"href":"http:\/\/www.diebuntenfinger.at\/home\/wp-json\/wp\/v2\/media?parent=465"}],"curies":[{"name":"wp","href":"https:\/\/api.w.org\/{rel}","templated":true}]}}