{"id":43,"date":"2015-12-05T13:07:15","date_gmt":"2015-12-05T12:07:15","guid":{"rendered":"http:\/\/www.diebuntenfinger.at\/home\/?page_id=43"},"modified":"2016-08-09T22:13:31","modified_gmt":"2016-08-09T20:13:31","slug":"unser-verein","status":"publish","type":"page","link":"https:\/\/www.diebuntenfinger.at\/home\/ueber-uns\/unser-verein\/","title":{"rendered":"Unser Verein"},"content":{"rendered":"<p style=\"text-align: justify;\"><div class=\"tmm tmm_668\"><div class=\"tmm_3_columns tmm_wrap tmm_plugin_f\"><span class=\"tmm_two_containers_tablet\"><\/span><div class=\"tmm_container\"><div class=\"tmm_member\" style=\"border-top:#81d742 solid 5px;\"><div class=\"tmm_photo tmm_pic_668_0\" style=\"background: url(http:\/\/www.diebuntenfinger.at\/wp-content\/uploads\/2016\/08\/Bearbeitungsdatei-Homepage-profile_widget-4.jpg); margin-left: auto; margin-right:auto; background-size:cover !important;\"><\/div><div class=\"tmm_textblock\"><div class=\"tmm_names\"><span class=\"tmm_fname\">Romana<\/span> <span class=\"tmm_lname\">Goldberg<\/span><\/div><div class=\"tmm_job\">Obfrau des Vereins<\/div><div class=\"tmm_desc\" style=\"text-align:justify\">Romana Goldberg ist der Kopf unseres Vereins. Als diplomierte KiGru Betreuerin und ihrer Erfahrung in Kindergruppen sowie Kindergarteneinrichtungen, ist sie als Kindergruppenleiterin und ehrenamtliche Obfrau der Halt des gemeinn\u00fctzigen Vereins. Ihr Motto: Grundvoraussetzung f\u00fcr eine erfolgreiche Vereinsarbeit ist ein gutes Vereinsklima. Dabei m\u00fcssen nicht immer alle einer Meinung sein. Vielmehr geht es darum, unterschiedliche Ansichten zum gemeinsamen Ganzen zusammenzuf\u00fchren.<\/div><div class=\"tmm_scblock\"><a class=\"tmm_sociallink\" href=\"mailto:&#109;a&#105;lt&#111;&#058;k&#105;&#103;&#114;u&#064;d&#105;ebunt&#101;&#110;f&#105;&#110;g&#101;r.a&#116;\" title=\"Write us\"><img decoding=\"async\" alt=\"Write us\" src=\"https:\/\/www.diebuntenfinger.at\/wp-content\/plugins\/team-members\/inc\/img\/links\/email.png\"\/><\/a><a target=\"_blank\" class=\"tmm_sociallink\" href=\"http:\/\/www.diebuntenfinger.at\" title=\"Visit us\"><img decoding=\"async\" alt=\"Visit us\" src=\"https:\/\/www.diebuntenfinger.at\/wp-content\/plugins\/team-members\/inc\/img\/links\/website.png\"\/><\/a><a target=\"_blank\" class=\"tmm_sociallink\" href=\"http:\/\/www.facebook.com\/diebuntenfinger\" title=\"Follow us\"><img decoding=\"async\" alt=\"Follow us\" src=\"https:\/\/www.diebuntenfinger.at\/wp-content\/plugins\/team-members\/inc\/img\/links\/facebook.png\"\/><\/a><\/div><\/div><\/div><div class=\"tmm_member\" style=\"border-top:#81d742 solid 5px;\"><div class=\"tmm_photo tmm_pic_668_1\" style=\"background: url(http:\/\/www.diebuntenfinger.at\/wp-content\/uploads\/2016\/08\/Bearbeitungsdatei-Homepage-profile_widget-2.jpg); margin-left: auto; margin-right:auto; background-size:cover !important;\"><\/div><div class=\"tmm_textblock\"><div class=\"tmm_names\"><span class=\"tmm_fname\">Anela<\/span> <span class=\"tmm_lname\">Juric<\/span><\/div><div class=\"tmm_job\">Kassier des Vereins<\/div><div class=\"tmm_desc\" style=\"text-align:justify\">Meine Name ist Anela Juric und ich kenne mich im Bereich Unternehmensf\u00fchrung als Selbstst\u00e4ndige gut aus. Qualit\u00e4tsarbeit, planen und organisieren, sowie das Motivieren von MitarbeiterInnen liegt mir besonders am Herzen. Ich liebe es Musik zu machen, spiele in einer Band und m\u00f6chte mich auch hier im Verein einbringen. Kinder sind das wundervollste auf dieser Welt, wir sollten alle ein besonderes Augenmerk auf beste Kinderbetreuung legen. Aus diesem Grund engagiere ich mich ehrenamtlich im Verein Kindergruppe Die bunten Finger.<\/div><div class=\"tmm_scblock\"><a class=\"tmm_sociallink\" href=\"mailto:&#109;&#097;&#105;&#108;&#116;o&#058;&#107;igr&#117;&#064;d&#105;&#101;&#098;&#117;n&#116;e&#110;&#102;in&#103;&#101;&#114;.&#097;&#116;\" title=\"Write us\"><img decoding=\"async\" alt=\"Write us\" src=\"https:\/\/www.diebuntenfinger.at\/wp-content\/plugins\/team-members\/inc\/img\/links\/email.png\"\/><\/a><a target=\"_blank\" class=\"tmm_sociallink\" href=\"http:\/\/www.diebuntenfinger.at\" title=\"Visit us\"><img decoding=\"async\" alt=\"Visit us\" src=\"https:\/\/www.diebuntenfinger.at\/wp-content\/plugins\/team-members\/inc\/img\/links\/website.png\"\/><\/a><a target=\"_blank\" class=\"tmm_sociallink\" href=\"http:\/\/www.facebook.com\/diebuntenfinger\" title=\"Follow us\"><img decoding=\"async\" alt=\"Follow us\" src=\"https:\/\/www.diebuntenfinger.at\/wp-content\/plugins\/team-members\/inc\/img\/links\/facebook.png\"\/><\/a><\/div><\/div><\/div><span class=\"tmm_two_containers_tablet\"><\/span><div class=\"tmm_member\" style=\"border-top:#81d742 solid 5px;\"><div class=\"tmm_photo tmm_pic_668_2\" style=\"background: url(http:\/\/www.diebuntenfinger.at\/wp-content\/uploads\/2016\/08\/Bearbeitungsdatei-Homepage-profile_widget-3.jpg); margin-left: auto; margin-right:auto; background-size:cover !important;\"><\/div><div class=\"tmm_textblock\"><div class=\"tmm_names\"><span class=\"tmm_fname\">Selina<\/span> <span class=\"tmm_lname\">Goldberg<\/span><\/div><div class=\"tmm_job\">Schriftf\u00fchrerin des Vereins<\/div><div class=\"tmm_desc\" style=\"text-align:justify\"><p>Was gibt es sch\u00f6neres, wenn die eignen Kinder die Arbeit der Eltern sch\u00e4tzen und in die Fu\u00dfstapfen steigen. Schon als Kind durfte Selina immer wieder Mal in das Berufsleben ihrer Mutter und unserer Obfrau eintauchen und sich einen kleinen Einblick verschaffen, wie wichtig und sch\u00f6n die Betreuung von Kindern ist. Es war schon immer ihr Wunsch, dass sie eines Tages gemeinsam mit ihrer Mutter die Kindergruppe f\u00fchrt. Seit Beginn 2023 unterst\u00fctzt uns Selina Goldberg als ehrenamtliche Schriftf\u00fchrerin. Sie steht f\u00fcr eine gut organisierte, freundliche und famili\u00e4re Zusammenarbeit in der Gruppe und gibt mit ihrer Unterst\u00fctzung dem Verein und somit der Betreuung Ihrer Kinder einen wichtigen Halt.<\/p><\/div><div class=\"tmm_scblock\"><a class=\"tmm_sociallink\" href=\"mailto:mail&#116;o&#058;&#107;&#105;&#103;ru&#064;di&#101;b&#117;n&#116;&#101;nf&#105;n&#103;er&#046;&#097;&#116;\" title=\"Write us\"><img decoding=\"async\" alt=\"Write us\" src=\"https:\/\/www.diebuntenfinger.at\/wp-content\/plugins\/team-members\/inc\/img\/links\/email.png\"\/><\/a><a target=\"_blank\" class=\"tmm_sociallink\" href=\"http:\/\/www.diebuntenfinger.at\" title=\"Visit us\"><img decoding=\"async\" alt=\"Visit us\" src=\"https:\/\/www.diebuntenfinger.at\/wp-content\/plugins\/team-members\/inc\/img\/links\/website.png\"\/><\/a><a target=\"_blank\" class=\"tmm_sociallink\" href=\"http:\/\/www.facebook.com\/diebuntenfinger\" title=\"Follow us\"><img decoding=\"async\" alt=\"Follow us\" src=\"https:\/\/www.diebuntenfinger.at\/wp-content\/plugins\/team-members\/inc\/img\/links\/facebook.png\"\/><\/a><\/div><\/div><\/div><div style=\"clear:both;\"><\/div><\/div><\/div><\/div><\/p>\n<p style=\"text-align: justify;\">\n","protected":false},"excerpt":{"rendered":"","protected":false},"author":1,"featured_media":0,"parent":22,"menu_order":0,"comment_status":"closed","ping_status":"closed","template":"","meta":{"footnotes":""},"class_list":["post-43","page","type-page","status-publish","hentry"],"_links":{"self":[{"href":"https:\/\/www.diebuntenfinger.at\/home\/wp-json\/wp\/v2\/pages\/43","targetHints":{"allow":["GET"]}}],"collection":[{"href":"https:\/\/www.diebuntenfinger.at\/home\/wp-json\/wp\/v2\/pages"}],"about":[{"href":"https:\/\/www.diebuntenfinger.at\/home\/wp-json\/wp\/v2\/types\/page"}],"author":[{"embeddable":true,"href":"https:\/\/www.diebuntenfinger.at\/home\/wp-json\/wp\/v2\/users\/1"}],"replies":[{"embeddable":true,"href":"https:\/\/www.diebuntenfinger.at\/home\/wp-json\/wp\/v2\/comments?post=43"}],"version-history":[{"count":41,"href":"https:\/\/www.diebuntenfinger.at\/home\/wp-json\/wp\/v2\/pages\/43\/revisions"}],"predecessor-version":[{"id":673,"href":"https:\/\/www.diebuntenfinger.at\/home\/wp-json\/wp\/v2\/pages\/43\/revisions\/673"}],"up":[{"embeddable":true,"href":"https:\/\/www.diebuntenfinger.at\/home\/wp-json\/wp\/v2\/pages\/22"}],"wp:attachment":[{"href":"https:\/\/www.diebuntenfinger.at\/home\/wp-json\/wp\/v2\/media?parent=43"}],"curies":[{"name":"wp","href":"https:\/\/api.w.org\/{rel}","templated":true}]}}